 -1?
464
In base 14, what is 90d9 + -5?
90d4
In base 6, what is 202322 + 4?
202330
In base 6, what is 32100 - -3?
32103
In base 13, what is 8 + -18?
-10
In base 9, what is -3 - -31?
27
In base 3, what is 2 - 102220?
-102211
In base 8, what is -247 + 0?
-247
In base 10, what is -37 - -2?
-35
In base 8, what is 250 + 2?
252
In base 12, what is -170 - 15?
-185
In base 6, what is -4331 - 4?
-4335
In base 4, what is 11 + -2223?
-2212
In base 4, what is -122130 + -1?
-122131
In base 2, what is -11 - 11001?
-11100
In base 16, what is 18 + 5?
1d
In base 10, what is -514 + 5?
-509
In base 13, what is 36 + -89?
-53
In base 6, what is 4 - -311?
315
In base 7, what is 1 + 6536?
6540
In base 6, what is 110 - 22?
44
In base 11, what is -3 + 209?
206
In base 4, what is -22 + -11?
-33
In base 15, what is 54 + 3?
57
In base 11, what is -2 + 35?
33
In base 5, what is -2 + -120?
-122
In base 13, what is -2a + a1?
74
In base 12, what is -518 - -4?
-514
In base 8, what is -5 - 530?
-535
In base 8, what is 1073 + 3?
1076
In base 10, what is 2 - -14?
16
In base 4, what is -1322 + -2?
-1330
In base 7, what is 345 + -40?
305
In base 13, what is 84 + 0?
84
In base 12, what is -1 + 25?
24
In base 13, what is -3 - 88?
-8b
In base 8, what is 0 + -430?
-430
In base 3, what is -1021211 + -11?
-1021222
In base 3, what is -101000 + -2?
-101002
In base 3, what is 12 + 22121?
22210
In base 2, what is -100 + 10010001100?
10010001000
In base 4, what is -21 - -2?
-13
In base 11, what is -1 - 23?
-24
In base 9, what is -10323 + -4?
-10327
In base 8, what is 2052 + 3?
2055
In base 8, what is -1 - 134?
-135
In base 14, what is -27 - 5?
-2c
In base 4, what is 0 + 3322?
3322
In base 9, what is 0 + 205?
205
In base 9, what is 1 - 48?
-47
In base 6, what is 34 - 2302?
-2224
In base 9, what is -38 - 314?
-353
In base 11, what is -8 - 36?
-43
In base 8, what is 5 + -443?
-436
In base 16, what is 10 - 3e?
-2e
In base 5, what is -21 + -2013?
-2034
In base 4, what is -3302 - 0?
-3302
In base 11, what is 2 - 18?
-16
In base 15, what is -6c - b?
-78
In base 9, what is -1 - 224?
-225
In base 5, what is -412102 + -2?
-412104
In base 3, what is -2 - -2022200?
2022121
In base 12, what is 31ba4 + 0?
31ba4
In base 11, what is 95 + 5?
9a
In base 15, what is 98 - -3?
9b
In base 10, what is -3 + 16?
13
In base 12, what is 10 - 13?
-3
In base 6, what is -1314 + -5?
-1323
In base 3, what is -1 + 12100011?
12100010
In base 9, what is 2 - 10135?
-10133
In base 9, what is -234 - 5?
-240
In base 5, what is 34131 + -3?
34123
In base 4, what is -20231 + -3?
-20300
In base 11, what is -2a3 + -2?
-2a5
In base 12, what is 9b4 + 1?
9b5
In base 11, what is -10a - 3?
-112
In base 5, what is -1004 + 10?
-444
In base 8, what is 277 + 4?
303
In base 2, what is 1001 - -1101?
10110
In base 3, what is -12 - -11212211?
11212122
In base 14, what is 5 + -a?
-5
In base 11, what is 185 - -9?
193
In base 4, what is 1310111 - -10?
1310121
In base 3, what is 121200 - 200?
121000
In base 2, what is -1101111 - -11?
-1101100
In base 13, what is 74b + -1?
74a
In base 10, what is -169 - -11?
-158
In base 2, what is 1011011 - 1101110?
-10011
In base 11, what is -a9a + 10?
-a8a
In base 9, what is -11048 + 2?
-11046
In base 9, what is -465 - -3?
-462
In base 4, what is -12 - -1133?
1121
In base 9, what is -6 - -8?
2
In base 9, what is -6 + -3?
-10
In base 12, what is b7 - -8?
103
In base 7, what is 125 - -2?
130
In base 8, what is -1137 - -5?
-1132
In base 16, what is -9c - -d?
-8f
In base 6, what is -21 + -35?
-100
In base 4, what is 103 + 100231?
101000
In base 6, what is 42 - 41?
1
In base 4, what is -1 + 11110?
11103
In base 2, what is 1111101 + 0?
1111101
In base 16, what is 78 - -5?
7d
In base 12, what is -35 - 13?
-48
In base 11, what is 26 + -108?
-92
In base 15, what is 6 - -165?
16b
In base 9, what is 50 - -22?
72
In base 16, what is 3 - 34?
-31
In base 14, what is 1 + -152d?
-152c
In base 4, what is -223 + 10?
-213
In base 2, what is -101 - 10110100010?
-10110100111
In base 2, what is 1 + 100110010111?
100110011000
In base 9, what is 1 + -40?
-38
In base 14, what is -2 - cd5?
-cd7
In base 7, what is -5014 + 2?
-5012
In base 5, what is 41222 + -3?
41214
In base 16, what is 0 + -7a3?
-7a3
In base 13, what is 6500 + 0?
6500
In base 16, what is 2 + 12d?
12f
In base 13, what is 4 - -125a?
1261
In base 3, what is -10 + -12201?
-12211
In base 8, what is -50 - 356?
-426
In base 8, what is 34 - 2?
32
In base 13, what is -7 - 153?
-15a
In base 8, what is 7 + 1306?
1315
In base 2, what is 10110100 + 10100010?
101010110
In base 14, what is 1d43 + 5?
1d48
In base 15, what is -7 - -18?
11
In base 7, what is -34 - 14?
-51
In base 7, what is 452 + -3?
446
In base 14, what is -2 - -c82?
c80
In base 14, what is a - d7?
-cb
In base 2, what is 10 + 1?
11
In base 2, what is 1010 + 11001100?
11010110
In base 16, what is -1 + -14?
-15
In base 10, what is -7 - 1444?
-1451
In base 13, what is -3 - 25?
-28
In base 16, what is 5 - -320?
325
In base 14, what is 1 - 1?
0
In base 10, what is 414 + 10?
424
In base 8, what is 3 + -1651?
-1646
In base 15, what is -65e + 1?
-65d
In base 16, what is 5 + -871?
-86c
In base 5, what is -1043 - 3?
-1101
In base 5, what is 132334 - 3?
132331
In base 10, what is -7 + -40?
-47
In base 3, what is 2 + -1121?
-1112
In base 11, what is -3 + 687?
684
In base 6, what is 22 + -12?
10
In base 5, what is 1 + -11203?
-11202
In base 7, what is -5 - 2215?
-2223
In base 14, what is -1 + c?
b
In base 8, what is -5634 + 0?
-5634
In base 11, what is -202 - 3?
-205
In base 12, what is -67 - 16?
-81
In base 13, what is -2 + 2447?
2445
In base 15, what is 286 + 3?
289
In base 5, what is -11110 - 10?
-11120
In base 14, what is -14 - 8?
-1c
In base 6, what is -354 + -1?
-355
In base 7, what is -4 - -1?
-3
In base 15, what is -13d + 1?
-13c
In base 15, what is 5 - -170?
175
In base 5, what is 111 - 10?
101
In base 8, what is 515 + -5?
510
In base 12, what is 3b8 + -16?
3a2
In base 12, what is -78 - -5?
-73
In base 6, what is -40 - 1111?
-1151
In base 9, what is 4 + 28?
33
In base 12, what is -b - 1086?
-1095
In base 10, what is 3 - 162?
-159
In base 10, what is -5 + -211?
-216
In base 13, what is 135 - 2?
133
In base 8, what is -141 - 0?
-141
In base 3, what is -1001110 - 110?
-1001220
In base 12, what is -40 + 14?
-28
In base 7, what is 56240 + 3?
56243
In base 6, what is -511552 - -5?
-511543
In base 7, what is -620 + 2?
-615
In base 8, what is 2 - -513?
515
In base 9, what is 1 - 23?
-22
In base 15, what is -6 + -361?
-367
In base 10, what is -3 - -4?
1
In base 5, what is -1103 + -4?
-1112
In base 11, what is -115 - 5?
-11a
In base 9, what is 6 - 18?
-12
In base 9, what is -4 + -281?
-285
In base 7, what is 1 + 350?
351
In base 15, what is ac6c - 4?
ac68
In base 16, what is 94 - 1?
93
In base 3, what is -10 + 1021110?
1021100
In base 12, what is -4 + 113?
10b
In base 15, what is -d - -1?
-c
In base 15, what is 5 + b98?
b9d
In base 4, what is -313 - 31?
-1010
In base 10, what is -77 + -27?
-104
In base 9, what is 2 + 3483?
3485
In base 14, what is 0 - 11d?
-11d
In base 13, what is -1 - -4583?
4582
In base 15, what is -a07 - 0?
-a07
In base 9, what is 2 - 570?
-567
In base 12, what is 5 + -65?
-60
In base 12, what is 1 - 15?
-14
In base 7, what is -1114 + 51?
-1033
In base 4, what is 310 - 13?
231
In base 13, what is 262 + a?
26c
In base 11, what is -58 - -7?
-51
In base 3, what is 1000102120 + -10?
1000102110
In base 14, what is 4 - 5b?
-57
In base 7, what is 55 - -1?
56
In base 3, what is -200 + 1?
-122
In base 16, what is 1 - 65?
-64
In base 8, what is 220 + 1?
221
In base 14, what is 3 + b4?
b7
In base 13, what is 3 - -1?
4
In base 12, what is 1 + -623?
-622
In base 9, what is -10535 - 0?
-10535
In base 6, what is -144 - -524?
340
In base 8, what is 1 - 2776?
-2775
In base 13, what is -5 - 33?
-38
In base 6, what is -32 + 121?
45
In base 4, what is -1 - 1013?
-1020
In base 6, what is -3401 - 2?
-3403
In base 6, what is 2 + 251?
253
In base 12, what is -43 + -7?
-4a
In base 10, what is -3 - 145?
-148
In base 11, what is 5 - 2063?
-2059
In base 10, what is -6 + -345?
-351
In base 4, what is 13 - 10?
3
In base 13, what is 281 + -5?
279
In base 9, what is -10 + 54?
44
In base 15, what is -119 - 1?
-11a
In base 9, what is -6 - 161?
-16